2 = 4*t. Let c be (2 - (-2 + 4))/(t - 0). Suppose c = 11*z - 13*z + 134. Calculate the remainder when z is divided by 34.
33
Let a be 19/4 + 2/8. Suppose 3*l - 200 = a*c, -2*c - l - 80 = -4*l. Let d = c - -127. What is the remainder when d is divided by 44?
43
Suppose 24*c + 23*c + 320 = 837. Calculate the remainder when 447 is divided by c.
7
Suppose -2*h - 40 - 78 = -4*w, -5*h = -5*w + 160. Suppose 179 = 8*n + w. What is the remainder when n is divided by 2?
1
Let s = -1999 + 2009. What is the remainder when 1055 is divided by s?
5
Let l be (-1 + -12)*(-80 + 3 + 1). Suppose 0*v = -v + 2*i + 982, v - l = 4*i. Suppose -823 - v = -7*y. Calculate the remainder when y is divided by 43.
42
Suppose -12*q + 2*q + 20440 = -3*q. Calculate the remainder when q is divided by 364.
8
Calculate the remainder when ((-3)/(-18))/(48/(-216)) - 7163/(-4) is divided by 595.
5
Let c(h) = 11*h**3 - 27*h**2 + 94*h + 42. Let z(q) = -2*q**3 - q**2 - 2*q. Let m(s) = -c(s) - 5*z(s). What is the remainder when m(29) is divided by 37?
8
Suppose -259*x + 72177 + 45915 = 6204. Calculate the remainder when x is divided by 39.
3
Let o = -2993 + 3264. Calculate the remainder when o is divided by (1/2)/(9/288).
15
Let r be 4/2*1*2. Let u = -4652 + 4654. Calculate the remainder when r/(-14) - 216/(-21) is divided by u.
0
Suppose 5*v + 100 - 76 = 4*j, -8 = 2*j. Suppose n - 3*n + 22 = -5*k, 3*n = 2*k + 11. What is the remainder when (-1 - v)/(n/2) is divided by 10?
4
Let y = 581 + -512. Suppose -4*c - 3*l + 89 = -168, c - 4*l - y = 0. Calculate the remainder when 143 is divided by c.
13
Let b(s) = -5 - 4 - 3*s + 11 - 9 - 2. What is the remainder when 52 is divided by b(-6)?
7
Let i = -8 + 13. Suppose i*s - 21 = 79. Let y = 354 - 315. Calculate the remainder when y is divided by s.
19
Suppose 156 = 8*x + 66*o - 69*o, 0 = -x - o + 25. Let m(f) = -31*f - 1. Calculate the remainder when m(-2) is divided by x.
19
Let m = 87 - 42. Let i = -196 + 200. Suppose 4*f + 16 = 2*t, 3*t = i*f + 8 + 20. Calculate the remainder when m is divided by t.
9
Let p(y) = -11*y + 1. Let d(o) = 23*o - 3. Let j(h) = -2*d(h) - 5*p(h). Let s = -14749 + 14773. What is the remainder when s is divided by j(1)?
4
Let h(u) = -2*u + 498. Calculate the remainder when h(15) is divided by 36.
0
Suppose -j + 659 = i - 6*j, i = j + 659. What is the remainder when i is divided by 20?
19
Suppose o + 5*b = 4*o, 2*o - 1 = 3*b. Suppose 4*x + 0*x - 58 = -o*p, 3*x = 4*p - 34. Suppose -p*w + 482 = -608. Calculate the remainder when w is divided by 28.
25
Suppose 9 = 3*s - 24. Suppose -5*j + 218 = -12*j + 246. Suppose 5*b - 25 + 8 = j*d, s = b + 3*d. What is the remainder when 22 is divided by b?
2
Let g = 671 + -1284. Let w = g - -644. What is the remainder when 73 is divided by w?
11
Calculate the remainder when 992 is divided by (-1)/(148/(-426) + 48/144).
69
Suppose 0 = -2*g + 5*b + 29, -2*g + 25 = 98*b - 99*b. What is the remainder when 1703 is divided by g?
11
Let p be (3 - (-14)/(-4))*-6. Suppose -p*c = -4*r + 28, -2*r + 2*c = -23 + 9. Calculate the remainder when (-1 - (-472)/34) + (-370)/(-3145) is divided by r.
6
Suppose -771 - 697 = -4*h + 2*j, 714 = 2*h + 4*j. Suppose -2*z = 2*z - 164. Calculate the remainder when h is divided by z.
37
Let y(z) = -z**3 + 43*z**2 + 4*z - 136. Suppose 3*o - 5*n = -0*o + 522, -3*o - n = -540. Calculate the remainder when o is divided by y(43).
35
Let y(u) = 3*u + 2. Let s = -48 + 48. Suppose s*i = 5*i. What is the remainder when 14 is divided by y(i)?
0
Let s(f) = -f**3 - 14*f**2 - 24*f + 14. Let k be (-2 - 2) + (8 - (-2 - -18)). Let l(b) = -b**2 - b + 20. Calculate the remainder when l(0) is divided by s(k).
6
Let k be (-588)/(-33) + 28/154. What is the remainder when 1374 is divided by 2/12*87 - k/(-12)?
14
Suppose 16*i = 12*i + 16. Suppose -15 = -5*u - g, -3*g = i*u + 11 - 34. Calculate the remainder when 62 is divided by u.
0
Let t(f) = f**2 - 7*f + 13. Let w(u) = -16*u - 131. Calculate the remainder when t(11) is divided by w(-9).
5
Suppose 360*y = 357*y + 546. Suppose 4*g = 5*v + 659, -4*g = 3*v - 453 - y. Calculate the remainder when g is divided by 28.
21
Let b = -180 + 174. Let m = 151 - b. What is the remainder when m is divided by 20?
17
Let i(s) = 15*s + 239. Let h(g) = 135*g + 5. Let c be h(4). Suppose -c = -3*u - 2*u. Calculate the remainder when u is divided by i(-15).
11
Let a = -14665 - -14708. Let u = 164 + -30. What is the remainder when u is divided by a?
5
Let q = 189 + 37. Let v = -214 + q. What is the remainder when 55 is divided by v?
7
Suppose 3*a + 2*a = 370. Suppose -180 = -3*h - 129. Calculate the remainder when a is divided by h.
6
Let s(y) be the first derivative of 1/3*y**3 + 5/2*y**2 - 6 + 3*y. What is the remainder when 3 is divided by s(-5)?
0
Let n(f) = f**3 + 9*f**2 - 8*f + 42. What is the remainder when 789 is divided by n(-9)?
105
Let n(k) = 7*k**2 + 10*k + 1. Let v be n(6). Suppose 2*x - 2*b = -1296, 3*b + 347 = -x - v. Calculate the remainder when -3*(x/(-9))/(-7) is divided by 8.
7
Suppose 25*l - 2970 - 1880 = 0. Calculate the remainder when 2327 is divided by l.
193
Suppose -7*g + 1949 + 1628 = -259. Calculate the remainder when g is divided by 25.
23
What is the remainder when 384 is divided by (-13 - (-84)/14) + 162?
74
Let m be -2 - (2 + (-30)/2). Let b be ((-91)/(-14))/((-2)/(-8)). Suppose 2*n = -4*l + b, 0 = -4*l + 1 + m. Calculate the remainder when n is divided by 4.
3
Let d be (-157 - -169)*(62/2)/1. Let a = 536 - d. Calculate the remainder when a is divided by 42.
38
Let p(t) = -t**2 + 9*t + 16. Let l = 37 + -76. Let n = l - -49. What is the remainder when 33 is divided by p(n)?
3
Let a(q) = 3*q**2 - 14*q + 5. Let z be a(5). Calculate the remainder when 30 is divided by -2 - ((-6 - z) + (-2)/1).
14
Let r be (-78)/(-15) + (-132)/110. Suppose 14*b = 12*b + r, 27 = g + 5*b. What is the remainder when 97 is divided by g?
12
Calculate the remainder when 1023 is divided by (-13 - -20) + 10 - -245.
237
Let j(s) be the second derivative of -7*s**3/6 - 105*s**2/2 + 31*s. What is the remainder when j(-24) is divided by 16?
15
Suppose 31*y - 24770 = 7656. What is the remainder when y is divided by 336?
38
Suppose -402 = -7*f + 5*c, -c + 7 - 9 = 0. Calculate the remainder when 94 is divided by f.
38
Let k(y) = -47*y + 1265. Calculate the remainder when 11607 is divided by k(26).
40
Let y = 20 + -91. Let x = 98 + y. Calculate the remainder when x is divided by 7.
6
Calculate the remainder when 1113 is divided by -100 + 227 + (-3 - 0).
121
Suppose 5*h - 2*c + 13 = 210, 13 = h + 4*c. What is the remainder when 98 is divided by h?
24
Let k be 4/(-12)*90/(-6). Suppose -m - 5*n = 9, k*m - 24 = -5*n + 3*n. Calculate the remainder when m is divided by 5.
1
Suppose -14*i - 43 - 69 = 0. Let u be 58/(-1) - -6*(-4)/i. What is the remainder when 107 is divided by (1 - u/(-40)) + (-273)/(-24)?
8
Suppose 4*c - 3*g = 1768, 0 = -4*c - 4*g + 1078 + 690. Calculate the remainder when c is divided by 106.
18
Calculate the remainder when 1197 is divided by (-126)/441 + (-636)/(-21).
27
Let r(h) = 173 + 9*h - 4*h - 87 + 10*h + 0*h. What is the remainder when 239 is divided by r(-5)?
8
Let p(t) = -t - 41. Let n be p(-13). Let c be (-45)/18*n/10. Suppose -2*a + 3*r = -0*a - c, r = 5*a - 50. What is the remainder when 17 is divided by a?
6
Suppose 292*u + 21455 = 327*u. Calculate the remainder when u is divided by 90.
73
Let o(l) = -l. Let k(c) = -62*c - 6. Let m(n) = -k(n) + 10*o(n). Calculate the remainder when m(4) is divided by 24.
22
Suppose -6*w + 156 = -3*w. Let j = w - 52. Suppose -6*q - a - 65 = -11*q, j = 3*q - 2*a - 46. Calculate the remainder when 46 is divided by q.
10
Let c = 56 - 38. What is the remainder when 62/(60 - 432)*-300 is divided by c?
14
Let b = -83 - -177. Let k = 127 - b. What is the remainder when k is divided by 10?
3
Let h be (0 + 1 + 9)*(-2)/(-5). Suppose 0 = 5*t + 3*y + 272, -4*t - 221 = -5*y + h*y. Let u = t + 71. What is the remainder when 62 is divided by u?
14
Let w(z) = -14*z**2 + 69*z + 14. Let k(f) = -19*f - 661. Let s be k(-35). What is the remainder when w(s) is divided by 1/(1 - (-44)/(-46))?
20
Suppose 2*f + 4*q - 4578 = 0, 18*f = 23*f - 2*q - 11409. Calculate the remainder when f is divided by 29.
21
What is the remainder w